0 = -3*o + 4*i + 1676, 195*i - 192*i + 15 = 0. Calculate the highest common factor of 320 and o.
8
Suppose 684*b = 668*b + 6000. What is the greatest common factor of 120 and b?
15
Let c(v) = -v**2 - 7*v + 18. Let d be c(-9). Suppose 14*m + 11*m - 1225 = d. Calculate the highest common factor of 7 and m.
7
Suppose 5*z + 750 = -40. Suppose -151*g - 6179 = 13602. Let b = g - z. Calculate the highest common factor of b and 63.
9
Let r(p) = -2*p**3 + 19*p**2 - 25*p + 165. Let y be r(9). Calculate the highest common factor of 465 and y.
3
Let n = 245 + 249. Calculate the highest common factor of 91 and n.
13
Suppose -598 - 130 = -7*k. Suppose -k*x + 109*x - 140 = 0. What is the highest common factor of 35 and x?
7
Let p = 17 - 14. Suppose -5*s + 47 = p*w - 68, 5*s - 5*w - 155 = 0. Calculate the greatest common divisor of s and 52.
26
Let t = -84 + 88. Suppose -t*y = -154 - 46. Let j = 57 + -37. Calculate the greatest common divisor of y and j.
10
Let o = -457 - -447. Let l be (2 + o)*((-25)/2)/5. What is the highest common factor of l and 1060?
20
Suppose 5*z = 4*p - 26, p - 13 + 7 = z. What is the highest common divisor of p and 14?
2
Let o be 1232/98 + (-3)/(-7). Let m(r) = r**3 - 4*r**2 + 4*r + 7. Let x be m(5). Suppose -5*t + x = -3*t. Calculate the highest common divisor of t and o.
13
Suppose 7494*m + 235 = 7495*m - 3*c, m + 2*c = 230. What is the highest common factor of m and 68?
4
Let g be 1 + 4 + -8 - -8. Suppose 5*z + 21*k - 385 = 24*k, g*k = z - 77. What is the greatest common factor of 7 and z?
7
Suppose 10 - 1 = 3*v. Let o(f) = f**2 + f. Let u be o(v). Suppose 389*s - 2625 - 1611 = 36*s. Calculate the greatest common factor of s and u.
12
Let p be 2 + -2 + 4/2 + 1726. Suppose -3*i + 27*i = p. Calculate the highest common divisor of 648 and i.
72
Suppose -q - 7*c + 4*c + 370 = 0, -5*c + 30 = 0. What is the highest common factor of 77 and q?
11
Suppose 219*t - 897 = 180*t. What is the highest common divisor of t and 3473?
23
Let g(u) = 3*u**2 - 126*u - 1249. Let i be g(78). Calculate the highest common divisor of i and 70.
35
Suppose 0 = -14*f + 6*f + 24. Suppose 0 = 2*s + 6, -f*s = 3*l - 7*s - 672. What is the greatest common factor of l and 30?
10
Let g be 2 - -7 - (-4)/(-8)*10. Let p be -6 + (-682)/(-33) + g/(-6). Calculate the greatest common divisor of p and 1022.
14
Let n = -13 - -48. Suppose 4*d = 2*d - 4*d + 210. Calculate the greatest common factor of d and n.
35
Let x be 16 + -3 + (-324466)/(-106). What is the greatest common factor of x and 58?
58
Let a(u) = 31*u + 1. Suppose -3*h + 21 = 3. Let i be a(h). Let g = -118900 - -118911. What is the highest common factor of i and g?
11
Suppose -245*s + 212*s + 8316 = 0. What is the highest common factor of s and 84?
84
Suppose 5*s + 3*u = 97, 6*s + 5*u = s + 95. Let q be s/(9*14/1323). What is the greatest common divisor of q and 42?
42
Suppose 0 = n + 4*n - 40. Let x be ((-108)/(-20) + -5)*-5. Let a be (x/(-15)*6)/((-12)/(-90)). Calculate the highest common factor of n and a.
2
Let i = 24105 - 23731. What is the highest common factor of 110 and i?
22
Let o(b) = -10*b + 303. Let z be o(0). Let r = 318 - z. Suppose -5*c + 247 = -128. Calculate the greatest common factor of r and c.
15
Let y(h) = -h**2 - h + 16. Let r = -67 - -69. Suppose i = -r*i - 2*i. Let o be y(i). Calculate the greatest common factor of o and 16.
16
Let g = -320 - -437. What is the greatest common factor of 72 and g?
9
Suppose -109 - 59 = -12*r. Suppose -2*i - 8 = 0, 2*u = -5*i + 2172 - 504. Let l be (-20)/(-12) - 2 - u/(-12). Calculate the greatest common factor of l and r.
14
Suppose 4*f = -2*j + 3*f + 754, f = 4*j - 1496. What is the greatest common divisor of 15 and j?
15
Let u = 625 + -273. Let y be 64/u + (-185)/(-11). Suppose 0 = -3*l + 6, -5*h + l = 2*l - 342. Calculate the greatest common divisor of h and y.
17
Suppose -4 + 219 = 5*s. Let g = s + -47. Let v be 4*4/(-24)*198/g. Calculate the highest common divisor of 22 and v.
11
Let z be 13342/(-56) - (-1)/4. Let t = z - -265. Calculate the highest common factor of 27 and t.
27
Let b(q) = q**3 - 13*q**2 - 15*q - 30. Let x be b(15). Let r = -1389 - -1415. Calculate the greatest common factor of x and r.
13
Suppose 3*v - 5112 = -173*j + 169*j, -5*j = 2*v - 6397. Calculate the greatest common divisor of j and 549.
183
Suppose 167*h = 151*h + 5664. What is the highest common divisor of h and 14514?
354
Let g(n) = -197*n - 29. Let i(m) = -590*m - 87. Let l(t) = -17*g(t) + 6*i(t). Let k be l(-1). Calculate the highest common factor of k and 126.
18
Let u = -1767 + 1780. Calculate the greatest common factor of u and 1144.
13
Suppose 212*j - 2087 = 4273. What is the greatest common factor of 1910 and j?
10
Suppose 62*c - 61*c - 3 = 0. Suppose 156 + 204 = c*y. Calculate the greatest common divisor of 300 and y.
60
Suppose -2*l + p = -0*l - 149, -2*l + 144 = -2*p. Let b = 409 - 418. Let m be 10 + (-13)/((-39)/b). Calculate the highest common divisor of m and l.
7
Let j be (-8)/(-14) - (711/7 - -4). Let a = j + 154. What is the highest common factor of 28 and a?
7
Let h be 1/2 - 3/6. Suppose -68 = -5*j + 4*w, h = -j - 4*w + 4. Let x be -9 + 40/(1520/1254). What is the highest common divisor of j and x?
12
Let t be 1478/4 - 8/(-16). Calculate the greatest common factor of 20 and t.
10
Suppose -10*h - 4 = -9*h, 4*h = 3*j - 3664. Calculate the greatest common factor of j and 342.
38
Let t = 181 - 171. Suppose 6*a + 5*n + 438 = t*a, -a = -4*n - 104. Calculate the highest common divisor of 28 and a.
28
Let d(a) = 17*a**2 - 194*a + 155. Let w be d(17). Calculate the greatest common divisor of 20 and w.
10
Let n = 6613 + -3481. Calculate the highest common factor of 24 and n.
12
Let b(n) = -1 - 3*n - 1 - 2*n**2 + 3*n**2. Let d be b(-2). Let f be d + -12 + (19 - 1). What is the highest common factor of f and 154?
14
Suppose 3*v = f - 45, -8*v - 79 = -3*f - 13*v. Let s = 325 + -237. Calculate the greatest common divisor of s and f.
11
Suppose 62*o - 61*o - 13 = -f, -5*o = 2*f - 38. Suppose 0 = 2*x - 0*x - 740. Suppose f*s = -s + x. What is the greatest common divisor of 185 and s?
37
Suppose 2*u + 31 - 47 = 0, 4*u + 4774 = 3*j. Calculate the highest common factor of 66 and j.
6
Let m = -1075 + 1093. Let j be (189/(-6))/1*(-48)/36. Calculate the highest common factor of m and j.
6
Let n be 0 - (-33 - (-30)/6). Let u be (-372)/(-16) - 35/n. Suppose 196 + 664 = 5*q + 5*i, -2*q + 3*i + 364 = 0. What is the highest common factor of q and u?
22
Let a(v) = 13*v**2 - 11*v - 25. Let u be a(-2). Suppose 0 = -12*k + 19*k - u. Calculate the greatest common divisor of k and 259.
7
Let p be -98*(28/8 - 3). Let v = p - -65. Suppose 0 = 14*t - 13*t - v. What is the greatest common divisor of 24 and t?
8
Let n be ((-28)/6)/(3/(-315)). Let g(h) = -h**2 - 679*h - 4684. Let d be g(-7). What is the highest common divisor of d and n?
10
Let k be (-16)/80 - (-69480)/25. Calculate the highest common factor of 28 and k.
7
Let p = 826 + -798. Let a(g) = 36*g**2 - 15*g - 14. Let y be a(-6). What is the highest common factor of p and y?
28
Suppose 9*s = 10*s - 6. Suppose 4*p = 3*p - s. Let b be (2/p)/(3/(-18)). Calculate the greatest common factor of b and 16.
2
Let t(u) = 36*u - 2. Let k(r) = -20*r + 2. Let j(y) = -7*k(y) - 4*t(y). Let h be j(-21). Calculate the greatest common divisor of 1794 and h.
78
Suppose -5109 = -31*r + 1338 + 2884. Suppose t - 104 = -18. What is the greatest common factor of r and t?
43
Let t be -12 + 1008/70 + 16/10. What is the highest common factor of t and 9428?
4
Let u(j) = 6*j**2 - 57*j - 472. Let f be u(73). What is the highest common factor of 19 and f?
19
Let p be 29250/7125 - 4/38. Calculate the highest common divisor of 14 and p.
2
Let w be 12/(-6)*(-45)/18. Suppose -j + c + 12 = 0, w*c - 2*c - 55 = -4*j. What is the highest common factor of 429 and j?
13
Let f be (-2)/51*-3 - (-330)/85 - -745. What is the greatest common factor of 175 and f?
7
Suppose 7160*f - 7174*f = -49406. Calculate the greatest common factor of 1 and f.
1
Suppose 40 = n + 3. Suppose 42*k = n*k - 5. Let b be -3 + (164 - 1 - k) + 4. Calculate the greatest common divisor of b and 33.
33
Let p be 1/2 - (-105)/30. Suppose -l = 2*r, -2*r = p*l - 7*r - 26. Calculate the highest common divisor 